8)) + -9. Let f(d) = d**2 + 8*d + 3. What is f(o)?
-9
Let b(y) = -y**3 + y**2 + 1. Let h(s) = 4*s**3 - s**2 + 3*s - 1. Let q(i) = 5*b(i) + h(i). Let u be (-3 + (-2)/(-4))*-2. Give q(u).
-6
Let j(i) = i**3 + i**2 - 1. Let c = 2 - 1. Determine j(c).
1
Let n be -5*1*6/(-10). Let o(u) be the third derivative of 0*u - 1/24*u**4 + 1/6*u**n + 0 + u**2. Calculate o(3).
-2
Let o(z) be the first derivative of 3*z**2/2 - 4*z - 1. Let t be ((-17)/(-4) - 1/4) + -1. What is o(t)?
5
Suppose -13 + 4 = -3*r. Let y(z) = z**2 - 2*z - 4. Calculate y(r).
-1
Suppose -5*u + 3*p = -15, -5*u + 0*p = -5*p - 5. Let c(h) = 1 - 4*h + h + u*h. Let f = 2 - 3. Determine c(f).
-2
Suppose 2*d = -3*d + 20. Let a(u) be the second derivative of 3/2*u**2 + 0 + u + 5/12*u**4 - 5/6*u**3 - 1/20*u**5. Give a(d).
-1
Let f(z) be the third derivative of -z**4/6 + 3*z**2. Give f(3).
-12
Let f be (4 + -2)*(-3)/(-2). Let u(c) be the second derivative of c**5/20 - 5*c**4/12 + 5*c**3/6 - c**2 - 3*c. Determine u(f).
-5
Let m(q) be the first derivative of -q**3/3 - q**2/2 + 20. Determine m(4).
-20
Suppose 3*d + 9 = -2*x, -2*d - 10 + 3 = x. Let j(l) = -2*l**2 + 4*l + 1. Give j(x).
-5
Suppose -7*y - 15 = -2*y. Let j(u) = 5*u + 2 - 4 - 4*u. Let o(f) = 8*f - 18. Let p(w) = -52*j(w) + 6*o(w). What is p(y)?
8
Let b(p) = -3*p**2 - 3*p. Suppose -4*z - 3 = 4*h - z, -5*h + 5*z + 5 = 0. Let c = -8 + 6. Let o = c + h. Determine b(o).
-6
Let a(i) be the second derivative of i**5/20 - i**4/6 + i**3/2 - 3*i**2/2 - 6*i. What is a(2)?
3
Let y(v) = -v**2 + 2. Let m = 9 - 9. Calculate y(m).
2
Let s be (15 + -18)*(1 - 2). Let h(x) = x + 2*x - 4*x - s + x**2 + 3*x. Let g(p) = -p**2 - 1. Let c be g(2). Calculate h(c).
12
Let f(k) be the third derivative of k**6/120 - k**5/15 + k**4/12 - 2*k**3/3 + 21*k**2 - 2*k. Determine f(3).
-7
Let t = 8 + -4. Let u be 4/(2/(4 + -2)). Let d(p) = 0*p + t*p - u - p. Give d(3).
5
Let k(o) = -19*o**2 + 17. Let c(d) = 9*d**2 - 8. Let b(v) = -13*c(v) - 6*k(v). Give b(-2).
-10
Suppose -4*q + m - 2 = 0, -5*q + 5*m + 1 = -4. Let p be (1 - -5)*q*1. Let c(y) = y**3 + 5*y**2 - 7*y - 5. Give c(p).
1
Suppose 3 = 2*l + l. Let d(w) = -2*w**2 - 5*w + 5. Let y(t) = -t**2 - 2*t + 2. Let z(b) = -3*d(b) + 7*y(b). Determine z(l).
-1
Let p(c) = c**3 + 3*c**2 - 6*c - 2. Let m be (-5)/((-105)/(-18))*-14. Suppose m - 4 = -2*a. What is p(a)?
6
Suppose u + 0*u - 3 = 0. Let m(z) = -z**3 + 3*z**2 - 5*z + 2. Give m(u).
-13
Let s(g) = 251 - g - 126 + g**2 + 8*g**3 - 126. Let t(m) = -m - 5. Let j be t(-4). What is s(j)?
-7
Let y(x) = 2*x**2 + x**2 + 8 - x**3 + 0 - 1 + 6*x. Determine y(5).
-13
Let m(y) be the third derivative of -2*y**2 + 0*y + 1/2*y**3 - 1/60*y**5 + 0 + 5/24*y**4. Suppose -4*b + 20 = -0*b. Calculate m(b).
3
Let u(i) = i + 5. Suppose 3*a + 3 = 5*w, -5 = 4*w - 3*w + 5*a. Calculate u(w).
5
Let y(x) be the first derivative of -x**4/2 - 2*x**3/3 - x**2/2 - 2*x + 11. Suppose -4 = 2*q + 8. Let p be (-1)/(-2) - (-15)/q. What is y(p)?
8
Let w(p) = p**2 + 3*p - 8. Let n be w(-6). Let c be (2/n)/((-1)/(-5)). Let r be -1 - c/(2/8). Let z(u) = u - 1. What is z(r)?
-6
Suppose -4*p - 13 = 4*l + 7, l + 5*p = -21. Let k be (l/(-2))/(1/8). Let y(n) = -n**3 + 4*n**2 - 2*n + 3. What is y(k)?
-5
Let w(k) = 4*k + 3*k + k - 15*k + 1. What is w(1)?
-6
Let j(c) = c**2. Let a(l) = 7*l**2 + 3*l + 6. Let o(n) = a(n) - 6*j(n). Give o(-4).
10
Let y(c) = -c**2 + 7*c. Let k = -16 - -34. Suppose 5*g - k = 2*g. What is y(g)?
6
Let q(p) = -p - 1. Suppose 0 = 8*c - 3*c - 15. Determine q(c).
-4
Let y(r) = -r**2 - 2 + 0*r - 3*r - 5*r + 16*r. What is y(6)?
10
Let d(c) = 6*c + 1. Suppose p - 5 = -4. Give d(p).
7
Let g(h) = h. Let k(j) = -12*j. Let a(v) = -18*g(v) - 2*k(v). Give a(1).
6
Let x = -3 - -6. Let m(j) = 11*j - 7*j - 5*j + 1. Determine m(x).
-2
Let j(m) = m**3 - 5*m**2 - 6*m. Let u be j(6). Let d be 2 + (1 - 2) - -2. Let q(l) = 20*l**2 - l**3 + d - 20*l**2. Give q(u).
3
Let d = 34 - 42. Let h(g) = g**3 + 7*g**2 - 9*g - 3. Calculate h(d).
5
Let u(m) = -m**2 - m - 1. Suppose 0 = 4*x - r - 11, 4*x - 19 = 5*r + 4. Let b(z) = -4*z + 2*z**x - z**2 - 6 - 2*z**2. Let q(c) = b(c) - 2*u(c). Give q(3).
-1
Let v be 2*((-1 - 2) + 5). Let h(f) = 2*f**2 - 6*f + 5. Determine h(v).
13
Let x = 1 + 1. Let h(w) = -3*w + 1 - 2*w**2 + w**3 + 2*w**x + 2*w**2. Give h(-3).
1
Let c(b) = -17*b - 16. Let a(j) = 3*j + 3. Let g(k) = 11*a(k) + 2*c(k). Determine g(4).
-3
Let p(k) = 14*k**3 + 29*k**2 + 17*k - 21. Let t(c) = -5*c**3 - 10*c**2 - 6*c + 7. Let o(q) = 4*p(q) + 11*t(q). Give o(-5).
8
Let y(k) = -2*k + 1 - 2*k**2 + 5*k + 4 - 3. Calculate y(3).
-7
Let t(g) be the second derivative of -g**5/20 + g**4/3 - 2*g**3/3 + g**2/2 - 22*g. Give t(4).
-15
Let i(k) = 2 + 3*k + k**3 - k**2 - 5*k - 2*k**2 + 0*k. Give i(4).
10
Let u = 5 - 0. Suppose -6*a + 25 = -a + u*d, -5*d = -2*a + 10. Let k(r) = -r**2 + 4*r + 6. Give k(a).
1
Let r(n) = n - 8. Let l = 11 + -9. Suppose -l*w - 27 - 1 = 3*f, -5*f + 2*w = 20. Determine r(f).
-14
Let m(f) be the third derivative of f**5/60 + 7*f**4/24 + f**3 - 27*f**2. Suppose 1 = -i - 3. What is m(i)?
-6
Let m(c) = 2 + 4*c - c + 0*c - c**2. Let y be 2/(-3) - 22/(-6). Suppose -y*w - 10 = 2*w, 4*w + 16 = 4*t. Calculate m(t).
4
Let j(p) = p**2 - 2. Let d(k) = -k**3 - 12*k**2 + 13*k - 2. Let t be d(-13). Give j(t).
2
Let x(m) = m**3 - 5*m**2 - 7*m + 9. Let t be (-5)/2*1*-2. Suppose 0 = 3*v + 2*j - 20, 25 = -0*v + t*v - 5*j. What is x(v)?
3
Let n = 44 + -38. Let c(w) = -3*w + 3 + 1 + 0. Determine c(n).
-14
Let a(c) = c**2 - 3*c + 4. Let y be (-27)/(-2)*2/3. Let l be (-8 + y)/((-1)/(-3)). What is a(l)?
4
Let j(m) be the second derivative of -3*m**3/2 + m**2 - 22*m. Determine j(-2).
20
Let i(n) = 16*n**3 + 0*n + 4*n - 5*n + 2*n. Determine i(1).
17
Let s be (-4)/5*5/2. Let u(g) = -g**3 - 2*g**2 + g. Determine u(s).
-2
Let a(c) = -10*c**3 - 22*c**2 - 8*c - 9. Let o(u) = -3*u**3 - 7*u**2 - 3*u - 3. Let v(s) = -2*a(s) + 7*o(s). Calculate v(-4).
1
Let q = 144 - 149. Let x be (1 - (-1 + 2))/1. Let l(u) = 3*u + x*u - 8 + 2 + u**2. Determine l(q).
4
Let a(v) = -v**2 - 5*v - 2. Let s be a(-4). Suppose -s*i + 4*i = 4. Let r(u) = -2*u**3 + 3*u**2. Calculate r(i).
-4
Let b(t) be the first derivative of t**2/2 + 4*t + 5. What is b(4)?
8
Let t(y) = y**2 + y - 5. Let x(v) be the third derivative of -v**4/24 + 2*v**2. Let a be x(0). Calculate t(a).
-5
Let c(i) be the third derivative of 1/3*i**3 - 1/120*i**6 + 0 + 1/12*i**5 + 0*i + i**2 - 1/6*i**4. Let n = 3 - -1. Give c(n).
2
Let f(w) be the second derivative of w**4/6 + w**3/2 + 3*w**2/2 - w. Let u be f(-2). Let n(m) = -18 - 5*m + 34 + m**2 - 23. Give n(u).
-7
Let a = -11 - -20. Let d = -9 + a. Let k(j) = j**3 + j**2 - j + 1. Let y(b) = -b**3 - b**2 + 3*b + 3. Let s(p) = 2*k(p) + y(p). Determine s(d).
5
Let u(c) = -2*c**2 + 5*c - 4. Let q be u(3). Let h(s) = 18*s - 13. Let n(l) = 5 + 1 - 12*l + 3. Let r(p) = q*n(p) - 5*h(p). Determine r(2).
-10
Let y be (0 + 2)/2*(13 + -19). Let l(t) = -4*t**2 + 10*t - 2. Let j(p) = -5*p**2 + 11*p - 1. Let z(v) = -5*j(v) + 6*l(v). Calculate z(y).
-1
Let i(t) = -2 - 2 + 5 + 5*t + 1. Let p(s) = 6*s + 3. Let u(l) = -5*i(l) + 4*p(l). Determine u(-5).
7
Let a(d) = -d. Suppose 42 = -5*n + 167. Suppose n = -0*t + 5*t. Give a(t).
-5
Let c(d) be the first derivative of -d**4/4 - 2*d**3/3 + d**2/2 - 2*d - 23. Determine c(-2).
-4
Let h(r) be the third derivative of -r**6/120 - r**5/15 - r**4/8 - r**3/6 - 18*r**2. Determine h(-2).
-3
Let o(w) = -w**2 - 8*w - 9. Let b be o(-6). Let z be (3 - 0) + (b - 1). Let h(k) = k. Calculate h(z).
5
Let f(z) = 1246*z**2 - 1247*z**2 - 1 - 1 + z. What is f(3)?
-8
Let k(h) be the third derivative of h**5/30 - h**4/4 + h**3/6 - 6*h**2. What is k(4)?
9
Let h(n) = -n**3 - 5*n**2 + 5*n - 3. Let k be h(-6). Let z(p) be the third derivative of 0*p**4 + 0 + 0*p - 1/60*p**5 + 1/2*p**3 - p**2. Calculate z(k).
-6
Let g(p) = 5*p + 6. Let h(n) = -n - 1. Let t = 11 + -10. Let z(f) = t*g(f) + 6*h(f). What is z(-1)?
1
Suppose 0 = -5*j + 12 + 23. Let u(m) = -3*m + 4*m - 1 - 2*m + j*m. Let k be (-1)/2 - (-2)/(-4). Give u(k).
-7
Let d be 12/48 - 15/(-4). Let t(c) = -5*c + 6. Calculate t(d).
-14
Let q(c) be the third derivative of -c**5/15 + 3*c**2. Let p = 11 + -10. Give q(p).
-4
Let z(y) = -5*y**3 + 18*y**2 - 3*y - 23. Let b(x) = -4*x**3 + 17*x**2 - 2*x - 22. 